et c(t) be the third derivative of -109*t**4/3 - 31*t**3/6 + t**2 + 11*t. Is c(-4) a composite number?
False
Let r(l) be the second derivative of -957*l**5/20 - l**4/12 - l**3/2 - 3*l**2/2 + 14*l. Let f be r(-1). Suppose 2*a = f + 530. Is a a prime number?
True
Let q = -18 + -112. Let h be (0 + -2)*q/4. Suppose -h = 3*l - 4*l + 3*u, -4*l + 2*u = -300. Is l a prime number?
False
Let v be ((-242)/(-6))/(8/(-6 + -66)). Let c = 4910 + v. Is c a composite number?
False
Let f(o) = 62*o**3 + 10*o**2 + 13*o - 244. Is f(13) a prime number?
False
Let l(b) = 23*b**2 - 50*b - 1888. Is l(-53) a prime number?
False
Let v be -1420*((-198)/30 + 3). Let s = v - -3385. Is s a prime number?
False
Let l = 106013 - 51078. Is l a composite number?
True
Let a = -41 + 741. Let p be (318/12)/(3/(-54)). Let v = a + p. Is v a composite number?
False
Let x(m) = 23*m**2 + 2*m + 52. Let d(r) = 3 - 13 + r - 14 + 0. Let a be d(9). Is x(a) a composite number?
False
Suppose -23*h = -13*h - 7370. Suppose h*y = 741*y - 24068. Is y a prime number?
False
Let g = 152 + -66. Let a = g - 82. Suppose -a*r + 6*r - 594 = 2*n, -2*r + 566 = 5*n. Is r prime?
True
Suppose 5*v + 112435 = a - 5583, 0 = -2*a + 2*v + 236076. Is a composite?
False
Let b(p) = 618*p + 531. Is b(29) prime?
False
Suppose -6806440 = -19*g - 2380637. Is g a prime number?
True
Suppose -104*t - 24 = -100*t. Let j be t*((-3715)/10 - 2). Suppose -3*s + 2*q = -6185, -5*q + j + 3958 = 3*s. Is s a prime number?
True
Suppose -1639*o + 1692*o - 29521 = 0. Is o composite?
False
Suppose 10*o - 237452 - 381383 = 770335. Is o composite?
False
Let s(d) = 48*d**3 - d**2 + 15*d + 7. Let a be s(5). Suppose 4*y - 27524 - a = 5*u, -2*y + 16795 = -u. Is y a composite number?
True
Let t(b) = 563*b - 18. Let i be t(2). Suppose x = a + i, 5*x = -2*a + 1439 + 4066. Is x a prime number?
True
Let t(b) = 3*b**3 - 155*b**2 - 51*b - 44. Let s be t(52). Is 42/6 - -648 - s a composite number?
False
Suppose 4*p = -11*p - 18*p + 1896411. Is p prime?
True
Let x be ((-521)/(-3) - 0)/(7/21). Suppose 6*m = 5735 - x. Is m a composite number?
True
Suppose -5*f + 4*f - 11 = -4*s, -21 = f - 2*s. Let p = f + 31. Suppose -5*q - 2*h - 3*h + 1690 = 0, 3*q + h - 1008 = p. Is q a composite number?
True
Let w = 119 - 97. Suppose -8*t + 74 = -w. Is -1546*(-44)/t - 1/(-3) composite?
False
Suppose 0 = -3*w - 17 - 100. Let x = 310 + -213. Let o = x + w. Is o a prime number?
False
Suppose -3*x = -12, 3*c - x + 3*x = 26. Let u(a) = 6*a**2 - 34*a - 4. Let g be u(c). Suppose h - 2*p - 1001 = 0, 0*p = 2*p + g. Is h a prime number?
False
Suppose 0 = n + 8*n - 359937. Suppose 5*u + 4*o - 7*o = 66674, -2*o = 3*u - n. Is u a prime number?
False
Let g(a) = 96*a - 166. Let p be g(10). Let m(h) = 124*h + 8. Let f be m(7). Suppose 5*j - f = p. Is j a prime number?
False
Let v(h) = -9*h - 9. Let s be v(2). Let a = 3 + s. Let w = 283 + a. Is w a composite number?
True
Let g = 217342 - 137763. Is g a composite number?
False
Suppose -u + 115576 = 4*t - 0*u, 2*t - 57778 = -3*u. Is t composite?
True
Let a be 1/((-337)/(-112) - 3). Suppose 14*d - 13*d - 20 = 3*i, 3*i = 5*d - a. Is d a prime number?
True
Let c(n) be the first derivative of -1/2*n**2 + 160/3*n**3 + 3*n - 54. Is c(2) prime?
True
Let p(m) = -2*m**3 - 19*m**2 - 7*m + 54. Let r = -88 + 72. Is p(r) a prime number?
False
Let b = 31047 + -6284. Is b a prime number?
True
Let h(r) = -r**3 - 18*r**2 - 35*r - 19. Let v be h(-16). Suppose -848137 + 258770 = -v*t. Is t prime?
True
Let i(m) = 103*m + 15. Suppose l - 3 = 5*d, -l + d + 4 = -3. Is i(l) composite?
False
Is (9/(-9))/((3 - 2) + (-463262)/463261) a prime number?
True
Let l(k) = -k**3 + 12*k**2 + 11*k + 19. Let f(d) = d**3 - 12*d**2 - 11*d - 18. Let r(u) = -2*f(u) - 3*l(u). Is r(20) a composite number?
True
Let p be (-504)/35*-5*2. Suppose -p = -4*m + m + 3*x, -x = m - 58. Suppose 4*r - 5*v - m = 38, -4*v + 64 = 4*r. Is r a prime number?
True
Let t(g) be the third derivative of g**7/2520 - g**6/80 + 3*g**5/40 - g**4/12 - 4*g**2. Let h(l) be the second derivative of t(l). Is h(10) composite?
False
Let l be (0/2)/((-2)/2). Suppose l = 3*b - 2 - 10. Suppose 967 = 5*o + b*h, o + 3*h + 946 = 6*o. Is o composite?
False
Let o = 48618 + -22861. Is o a prime number?
False
Suppose -5*h = -3*m - 959957, 2*m + 2*m - 191973 = -h. Is h a prime number?
False
Let t be 94/(-18) + 2/9. Let f(x) = 2167*x**2 - 2130*x**2 + 7*x - 12 + 11. Is f(t) a composite number?
True
Let a(i) = -3754*i**2 + 6*i - 5. Let z be a(1). Let m = 3226 - z. Is m a composite number?
True
Let m be 24/14 + 20/70. Suppose -m*i = -5*u + 14823, 5*u + 2*i + 2*i = 14799. Is u prime?
True
Let v be -3 - (-7)/(21/30). Suppose -v*l + 9*l = 7970. Is (2 - (-6)/(-3)) + l a prime number?
False
Let x be 20441 + 3/12*8. Let k = -13148 + x. Is k a composite number?
True
Suppose -4*q + 312213 = -2*p + 5*p, 416284 = 4*p + 5*q. Is p prime?
False
Let k(o) = -5*o**2 + 143*o + 44. Let j be k(36). Let s = -375 - j. Is s a composite number?
True
Suppose 5*q = -25 - 0. Is 7*(q - -4)*-139 a composite number?
True
Let i(k) = -16*k**2 - k + 3. Let l be i(1). Is 20*1 + l/49*-7 composite?
True
Let k = 196 - 191. Suppose 3*r = 6, -k*x = -5*r - 3112 - 2108. Is x a prime number?
False
Is -8 + 3 - 161/(-35) - (-44287)/5 a composite number?
True
Let k = 917 - 450. Let d = k - -3294. Is d a prime number?
True
Let f(q) = -5*q - 27. Let h be f(-8). Suppose -h*l = -2195 - 18124. Is l composite?
True
Let a(d) = -d**2 + 15*d - 26. Let i be a(13). Suppose i = 3*s + 1324 - 8833. Is s a prime number?
True
Suppose -4439970 = -20*v - 0*v - 1282670. Is v composite?
True
Let j be (400/70 - 6) + (-1044101)/(-7). Suppose -2*z - j = -11*z. Is z prime?
True
Let s = -252478 + 439815. Is s composite?
False
Suppose -520*f = -504*f - 1227920. Is f a composite number?
True
Suppose 639763 = 199*j - 195*j - 5*p, -j = 4*p - 159967. Is j a composite number?
True
Suppose 91*g - 506 = 936 + 1652. Let k be 1/2 - (-450)/4. Let q = k - g. Is q composite?
False
Let p be 5 + (267/2)/(63/(-168)). Is ((-5596)/(-6))/((-18)/p) a composite number?
True
Let w = -54581 - -91104. Is w prime?
True
Let b = 18462 - 9890. Let x = b - 4637. Is x prime?
False
Is 8226/(-457) + (-139621)/(-1) prime?
False
Let q(o) = 98668*o - 5. Is q(1) a composite number?
False
Let q = 4769880 - 2469211. Is q composite?
True
Let t(n) = -42*n - 47. Let a = 110 - 96. Suppose 2*s - 2*l + a = -3*l, -s - l = 5. Is t(s) a prime number?
True
Let f = -10093 - -154382. Is f composite?
False
Let w(p) = -19556*p - 20. Let j be w(-1). Suppose 5*s = -k + 64443, 2*s + k - j = 6240. Is s prime?
True
Let v = -1785705 + 3272818. Is v composite?
False
Let c = -5888 + 3428. Let a = 3499 + c. Is a a composite number?
False
Suppose -5*p + 56 = -34. Let m(u) = 90*u + 35. Is m(p) a prime number?
False
Let q(i) = 117*i**2 + 5*i - 5. Let m(x) = -x - 11. Let c be m(-11). Let w be (c/(-1))/3 + 2. Is q(w) prime?
False
Let s = -4306 - 7160. Let i = s + 18199. Is i composite?
False
Let d be ((-36)/30)/(4/(-150)). Let t = 48 - d. Suppose 172 + 200 = 2*n + 2*b, -t*n + 4*b = -593. Is n prime?
True
Let m be (1716/9 + -3)*15. Let t = m - 1378. Is t composite?
True
Suppose 12 = 3*j + 3, 0 = 5*k - 3*j - 16. Suppose 0 = -5*x - k*x + 20. Suppose -x*q - 3*q + 4564 = 4*g, 0 = g - q - 1141. Is g composite?
True
Let q = 92 - -790. Let v = -1750 + q. Let h = -53 - v. Is h composite?
True
Let g = 969564 + -99403. Is g a prime number?
True
Let l(z) = 2*z**3 - 7*z**2 + 6*z - 4. Let s be l(5). Let m = s - 67. Suppose 38*c - m*c = 1324. Is c prime?
True
Let p(q) = -5087*q - 250. Let s be p(8). Is 2900/(-435)*(1 + s/8) prime?
False
Suppose -670*d = -132*d - 1786098130. Is d a composite number?
True
Suppose -15 - 1 = -4*q, 5*v = -5*q + 5. Let b be 1/(-3) + (-13)/v. Is (28/70)/(b/670) composite?
False
Suppose -3*c = 4*l - 1313130, 4*l = -3*c + c + 1313132. Suppose 2*k - 38*k = -l. Is k a composite number?
True
Let i(r) = 2*r**3 + 9*r**2 + 6*r + 12. Let k be i(-4). Suppose -4*g = -4*p + 1156, -2*p + 2*g = k*g - 594. Is p a composite number?
False
Let d(o) = -96*o + 20. Suppose 0 = 7*v + 5 + 30. Let i be d(v). Let p = i - 243. Is p prime?
True
Let f(u) = -u - 71. Let p be f(0). Is 71/p*(1 + 254/(-1)) a composite number?
True
Let x(b) = -23*b**3 - b**2 - 5*b + 4. Let t(c)